{"id":549,"date":"2014-03-20T11:20:34","date_gmt":"2014-03-20T10:20:34","guid":{"rendered":"http:\/\/www.france-media.net\/france-edition\/?page_id=549"},"modified":"2020-03-10T10:56:08","modified_gmt":"2020-03-10T09:56:08","slug":"regie-publicitaire-magazine","status":"publish","type":"page","link":"https:\/\/www.france-media.net\/france-edition\/regie-publicitaire-magazine\/","title":{"rendered":"R\u00e9gie publicitaire magazine"},"content":{"rendered":"<p>Soci\u00e9t\u00e9 de R\u00e9gie publicitaire et de Conseil, nous sommes sp\u00e9cialis\u00e9s dans les \u00e9ditions th\u00e9matiques, magazine professionnelles ou institutionnelles depuis 1994.<\/p>\n<p>Notre mission consiste \u00e0 cr\u00e9er et auto-financer votre magazine par la r\u00e9gie publicitaire.<\/p>\n<p>Notre exp\u00e9rience, nos comp\u00e9tences et notre s\u00e9rieux\u00a0sont \u00e0 votre disposition.<\/p>\n<p>Soci\u00e9t\u00e9 d&rsquo;Edition, de R\u00e9gie et de Conseil nous intervenons principalement<br \/>\ndans deux domaines :<\/p>\n<ul>\n<li>Le Financement de votre magazine par la R\u00e9gie Publicitaire<br \/>\nNous sommes sp\u00e9cialis\u00e9s dans la r\u00e9gie th\u00e9matique ou professionnelle pour des \u00e9ditions papier et des\u00a0sites \u00e0 destination d&rsquo;un public cibl\u00e9.<br \/>\nBien souvent, nous CR\u00c9ONS ensemble la 1\u00e8re version de l&rsquo;\u00e9dition. Nous d\u00e9finissons avec vous une charte publicitaire pr\u00e9cisant les emplacements, les prix, les formats possibles et le type d&rsquo;annonceurs accept\u00e9s ou refus\u00e9s.<\/li>\n<li>La r\u00e9alisation Technique de votre magazine<br \/>\nNous sommes en mesure de vous fournir une prestation compl\u00e8te pour la r\u00e9alisation de votre support.<br \/>\nNous restons votre SEUL interlocuteur, g\u00e9rant pour vous la parfaite r\u00e9alisation de vos supports de Communication.<\/li>\n<\/ul>\n<p><strong>Nous nous attachons \u00e0 d\u00e9velopper un climat de confiance afin d&rsquo;\u00e9tablir des relations de partenariat durables, gr\u00e2ce \u00e0 une politique de transparence.<\/strong><\/p>\n<h3><strong>Nos r\u00e9f\u00e9rences Magazines<\/strong><\/h3>\n<p>\u2022 Qualit\u2019EnR \u2013 Magazine trimestriel<\/p>\n<p>\u2022 Plein Soleil \u2013 Magazine des \u00e9nergies renouvelables dans le b\u00e2timent<\/p>\n<p>\u2022 Office de Coop\u00e9ration et d\u2019Information Mus\u00e9ographiques (OCIM) &#8211;<br \/>\nRevue bimestriel \u2013 La Lettre de l\u2019OCIM<\/p>\n<p>\u2022 Association G\u00e9n\u00e9rale des Conservateurs des Collections Publiques de France \u2013 Revue<\/p>\n","protected":false},"excerpt":{"rendered":"<p>Soci\u00e9t\u00e9 de R\u00e9gie publicitaire et de Conseil, nous sommes sp\u00e9cialis\u00e9s dans les \u00e9ditions th\u00e9matiques, magazine professionnelles ou institutionnelles depuis 1994. Notre mission consiste \u00e0 cr\u00e9er et auto-financer votre magazine par la r\u00e9gie publicitaire. Notre exp\u00e9rience, nos comp\u00e9tences et notre s\u00e9rieux\u00a0sont \u00e0 votre disposition. Soci\u00e9t\u00e9 d&rsquo;Edition, de R\u00e9gie et de Conseil &#8230;<\/p>\n","protected":false},"author":1,"featured_media":0,"parent":0,"menu_order":0,"comment_status":"closed","ping_status":"open","template":"","meta":{"om_disable_all_campaigns":false,"_monsterinsights_skip_tracking":false,"_monsterinsights_sitenote_active":false,"_monsterinsights_sitenote_note":"","_monsterinsights_sitenote_category":0,"footnotes":""},"class_list":["post-549","page","type-page","status-publish","hentry"],"yoast_head":"<!-- This site is optimized with the Yoast SEO plugin v21.2 - https:\/\/yoast.com\/wordpress\/plugins\/seo\/ -->\n<title>R\u00e9gie publicitaire magazine - France Edition Multimedia<\/title>\n<meta name=\"robots\" content=\"index, follow, max-snippet:-1, max-image-preview:large, max-video-preview:-1\" \/>\n<link rel=\"canonical\" href=\"https:\/\/www.france-media.net\/france-edition\/regie-publicitaire-magazine\/\" \/>\n<meta property=\"og:locale\" content=\"fr_FR\" \/>\n<meta property=\"og:type\" content=\"article\" \/>\n<meta property=\"og:title\" content=\"R\u00e9gie publicitaire magazine - France Edition Multimedia\" \/>\n<meta property=\"og:description\" content=\"Soci\u00e9t\u00e9 de R\u00e9gie publicitaire et de Conseil, nous sommes sp\u00e9cialis\u00e9s dans les \u00e9ditions th\u00e9matiques, magazine professionnelles ou institutionnelles depuis 1994. Notre mission consiste \u00e0 cr\u00e9er et auto-financer votre magazine par la r\u00e9gie publicitaire. Notre exp\u00e9rience, nos comp\u00e9tences et notre s\u00e9rieux\u00a0sont \u00e0 votre disposition. Soci\u00e9t\u00e9 d&rsquo;Edition, de R\u00e9gie et de Conseil &#8230;\" \/>\n<meta property=\"og:url\" content=\"https:\/\/www.france-media.net\/france-edition\/regie-publicitaire-magazine\/\" \/>\n<meta property=\"og:site_name\" content=\"France Edition Multimedia\" \/>\n<meta property=\"article:publisher\" content=\"https:\/\/www.facebook.com\/francedit.multimedia\" \/>\n<meta property=\"article:modified_time\" content=\"2020-03-10T09:56:08+00:00\" \/>\n<meta name=\"twitter:card\" content=\"summary_large_image\" \/>\n<meta name=\"twitter:label1\" content=\"Dur\u00e9e de lecture estim\u00e9e\" \/>\n\t<meta name=\"twitter:data1\" content=\"1 minute\" \/>\n<script type=\"application\/ld+json\" class=\"yoast-schema-graph\">{\"@context\":\"https:\/\/schema.org\",\"@graph\":[{\"@type\":\"WebPage\",\"@id\":\"https:\/\/www.france-media.net\/france-edition\/regie-publicitaire-magazine\/\",\"url\":\"https:\/\/www.france-media.net\/france-edition\/regie-publicitaire-magazine\/\",\"name\":\"R\u00e9gie publicitaire magazine - France Edition Multimedia\",\"isPartOf\":{\"@id\":\"https:\/\/www.france-media.net\/france-edition\/#website\"},\"datePublished\":\"2014-03-20T10:20:34+00:00\",\"dateModified\":\"2020-03-10T09:56:08+00:00\",\"breadcrumb\":{\"@id\":\"https:\/\/www.france-media.net\/france-edition\/regie-publicitaire-magazine\/#breadcrumb\"},\"inLanguage\":\"fr-FR\",\"potentialAction\":[{\"@type\":\"ReadAction\",\"target\":[\"https:\/\/www.france-media.net\/france-edition\/regie-publicitaire-magazine\/\"]}]},{\"@type\":\"BreadcrumbList\",\"@id\":\"https:\/\/www.france-media.net\/france-edition\/regie-publicitaire-magazine\/#breadcrumb\",\"itemListElement\":[{\"@type\":\"ListItem\",\"position\":1,\"name\":\"Accueil\",\"item\":\"https:\/\/www.france-media.net\/france-edition\/\"},{\"@type\":\"ListItem\",\"position\":2,\"name\":\"R\u00e9gie publicitaire magazine\"}]},{\"@type\":\"WebSite\",\"@id\":\"https:\/\/www.france-media.net\/france-edition\/#website\",\"url\":\"https:\/\/www.france-media.net\/france-edition\/\",\"name\":\"France Edition Multimedia\",\"description\":\"Soci\u00e9t\u00e9 d&#039;\u00e9dition et de r\u00e9gie publicitaire\",\"publisher\":{\"@id\":\"https:\/\/www.france-media.net\/france-edition\/#organization\"},\"potentialAction\":[{\"@type\":\"SearchAction\",\"target\":{\"@type\":\"EntryPoint\",\"urlTemplate\":\"https:\/\/www.france-media.net\/france-edition\/?s={search_term_string}\"},\"query-input\":\"required name=search_term_string\"}],\"inLanguage\":\"fr-FR\"},{\"@type\":\"Organization\",\"@id\":\"https:\/\/www.france-media.net\/france-edition\/#organization\",\"name\":\"France Edition Multimedia\",\"url\":\"https:\/\/www.france-media.net\/france-edition\/\",\"logo\":{\"@type\":\"ImageObject\",\"inLanguage\":\"fr-FR\",\"@id\":\"https:\/\/www.france-media.net\/france-edition\/#\/schema\/logo\/image\/\",\"url\":\"https:\/\/www.france-media.net\/france-edition\/wp-content\/uploads\/2014\/01\/cropped-entete-site-web2-1.jpg\",\"contentUrl\":\"https:\/\/www.france-media.net\/france-edition\/wp-content\/uploads\/2014\/01\/cropped-entete-site-web2-1.jpg\",\"width\":680,\"height\":150,\"caption\":\"France Edition Multimedia\"},\"image\":{\"@id\":\"https:\/\/www.france-media.net\/france-edition\/#\/schema\/logo\/image\/\"},\"sameAs\":[\"https:\/\/www.facebook.com\/francedit.multimedia\"]}]}<\/script>\n<!-- \/ Yoast SEO plugin. -->","yoast_head_json":{"title":"R\u00e9gie publicitaire magazine - France Edition Multimedia","robots":{"index":"index","follow":"follow","max-snippet":"max-snippet:-1","max-image-preview":"max-image-preview:large","max-video-preview":"max-video-preview:-1"},"canonical":"https:\/\/www.france-media.net\/france-edition\/regie-publicitaire-magazine\/","og_locale":"fr_FR","og_type":"article","og_title":"R\u00e9gie publicitaire magazine - France Edition Multimedia","og_description":"Soci\u00e9t\u00e9 de R\u00e9gie publicitaire et de Conseil, nous sommes sp\u00e9cialis\u00e9s dans les \u00e9ditions th\u00e9matiques, magazine professionnelles ou institutionnelles depuis 1994. Notre mission consiste \u00e0 cr\u00e9er et auto-financer votre magazine par la r\u00e9gie publicitaire. Notre exp\u00e9rience, nos comp\u00e9tences et notre s\u00e9rieux\u00a0sont \u00e0 votre disposition. Soci\u00e9t\u00e9 d&rsquo;Edition, de R\u00e9gie et de Conseil &#8230;","og_url":"https:\/\/www.france-media.net\/france-edition\/regie-publicitaire-magazine\/","og_site_name":"France Edition Multimedia","article_publisher":"https:\/\/www.facebook.com\/francedit.multimedia","article_modified_time":"2020-03-10T09:56:08+00:00","twitter_card":"summary_large_image","twitter_misc":{"Dur\u00e9e de lecture estim\u00e9e":"1 minute"},"schema":{"@context":"https:\/\/schema.org","@graph":[{"@type":"WebPage","@id":"https:\/\/www.france-media.net\/france-edition\/regie-publicitaire-magazine\/","url":"https:\/\/www.france-media.net\/france-edition\/regie-publicitaire-magazine\/","name":"R\u00e9gie publicitaire magazine - France Edition Multimedia","isPartOf":{"@id":"https:\/\/www.france-media.net\/france-edition\/#website"},"datePublished":"2014-03-20T10:20:34+00:00","dateModified":"2020-03-10T09:56:08+00:00","breadcrumb":{"@id":"https:\/\/www.france-media.net\/france-edition\/regie-publicitaire-magazine\/#breadcrumb"},"inLanguage":"fr-FR","potentialAction":[{"@type":"ReadAction","target":["https:\/\/www.france-media.net\/france-edition\/regie-publicitaire-magazine\/"]}]},{"@type":"BreadcrumbList","@id":"https:\/\/www.france-media.net\/france-edition\/regie-publicitaire-magazine\/#breadcrumb","itemListElement":[{"@type":"ListItem","position":1,"name":"Accueil","item":"https:\/\/www.france-media.net\/france-edition\/"},{"@type":"ListItem","position":2,"name":"R\u00e9gie publicitaire magazine"}]},{"@type":"WebSite","@id":"https:\/\/www.france-media.net\/france-edition\/#website","url":"https:\/\/www.france-media.net\/france-edition\/","name":"France Edition Multimedia","description":"Soci\u00e9t\u00e9 d&#039;\u00e9dition et de r\u00e9gie publicitaire","publisher":{"@id":"https:\/\/www.france-media.net\/france-edition\/#organization"},"potentialAction":[{"@type":"SearchAction","target":{"@type":"EntryPoint","urlTemplate":"https:\/\/www.france-media.net\/france-edition\/?s={search_term_string}"},"query-input":"required name=search_term_string"}],"inLanguage":"fr-FR"},{"@type":"Organization","@id":"https:\/\/www.france-media.net\/france-edition\/#organization","name":"France Edition Multimedia","url":"https:\/\/www.france-media.net\/france-edition\/","logo":{"@type":"ImageObject","inLanguage":"fr-FR","@id":"https:\/\/www.france-media.net\/france-edition\/#\/schema\/logo\/image\/","url":"https:\/\/www.france-media.net\/france-edition\/wp-content\/uploads\/2014\/01\/cropped-entete-site-web2-1.jpg","contentUrl":"https:\/\/www.france-media.net\/france-edition\/wp-content\/uploads\/2014\/01\/cropped-entete-site-web2-1.jpg","width":680,"height":150,"caption":"France Edition Multimedia"},"image":{"@id":"https:\/\/www.france-media.net\/france-edition\/#\/schema\/logo\/image\/"},"sameAs":["https:\/\/www.facebook.com\/francedit.multimedia"]}]}},"_links":{"self":[{"href":"https:\/\/www.france-media.net\/france-edition\/wp-json\/wp\/v2\/pages\/549","targetHints":{"allow":["GET"]}}],"collection":[{"href":"https:\/\/www.france-media.net\/france-edition\/wp-json\/wp\/v2\/pages"}],"about":[{"href":"https:\/\/www.france-media.net\/france-edition\/wp-json\/wp\/v2\/types\/page"}],"author":[{"embeddable":true,"href":"https:\/\/www.france-media.net\/france-edition\/wp-json\/wp\/v2\/users\/1"}],"replies":[{"embeddable":true,"href":"https:\/\/www.france-media.net\/france-edition\/wp-json\/wp\/v2\/comments?post=549"}],"version-history":[{"count":5,"href":"https:\/\/www.france-media.net\/france-edition\/wp-json\/wp\/v2\/pages\/549\/revisions"}],"predecessor-version":[{"id":853,"href":"https:\/\/www.france-media.net\/france-edition\/wp-json\/wp\/v2\/pages\/549\/revisions\/853"}],"wp:attachment":[{"href":"https:\/\/www.france-media.net\/france-edition\/wp-json\/wp\/v2\/media?parent=549"}],"curies":[{"name":"wp","href":"https:\/\/api.w.org\/{rel}","templated":true}]}}